{"id":14151,"date":"2023-09-02T08:43:06","date_gmt":"2023-09-02T08:43:06","guid":{"rendered":"https:\/\/muslimtendanceparisienne.com\/?post_type=product&#038;p=14151"},"modified":"2024-03-11T05:22:53","modified_gmt":"2024-03-11T05:22:53","slug":"jilbab-de-priere","status":"publish","type":"product","link":"https:\/\/staging-r.muslimtendanceparisienne.com\/test\/produit\/jilbab-de-priere\/","title":{"rendered":"Jilbab de pri\u00e8re"},"content":{"rendered":"<p>Jilbab de pri\u00e8re<\/p>\n<p>Jilbab avec voile int\u00e9gr\u00e9<\/p>\n<p>Fait d\u2019une seule pi\u00e8ce, id\u00e9al pour accomplir la pri\u00e8re<\/p>\n<p>En polyester, facile d&#8217;entretien<\/p>\n<p>Manches resserr\u00e9s par un \u00e9lastique au poignet<\/p>\n<p>Disponible en plusieurs couleurs<\/p>\n<p>Taille unique convient de la taille S \u00e0 XXL et jusqu\u2019\u00e0 1,75 m<\/p>\n","protected":false},"excerpt":{"rendered":"<p>Jilbab de pri\u00e8re Jilbab avec voile int\u00e9gr\u00e9 Fait d\u2019une seule pi\u00e8ce, id\u00e9al pour accomplir la pri\u00e8re En polyester, facile d&#8217;entretien Manches resserr\u00e9s par un \u00e9lastique au poignet Disponible en plusieurs couleurs Taille unique convient de la taille S \u00e0 XXL et jusqu\u2019\u00e0 1,75 m<\/p>\n","protected":false},"featured_media":14273,"comment_status":"open","ping_status":"closed","template":"","meta":[],"product_cat":[16],"product_tag":[],"class_list":{"0":"post-14151","1":"product","2":"type-product","3":"status-publish","4":"has-post-thumbnail","6":"product_cat-tenues-de-prieres","8":"first","9":"instock","10":"taxable","11":"shipping-taxable","12":"purchasable","13":"product-type-variable"},"jetpack_sharing_enabled":true,"_links":{"self":[{"href":"https:\/\/staging-r.muslimtendanceparisienne.com\/test\/wp-json\/wp\/v2\/product\/14151","targetHints":{"allow":["GET"]}}],"collection":[{"href":"https:\/\/staging-r.muslimtendanceparisienne.com\/test\/wp-json\/wp\/v2\/product"}],"about":[{"href":"https:\/\/staging-r.muslimtendanceparisienne.com\/test\/wp-json\/wp\/v2\/types\/product"}],"replies":[{"embeddable":true,"href":"https:\/\/staging-r.muslimtendanceparisienne.com\/test\/wp-json\/wp\/v2\/comments?post=14151"}],"version-history":[{"count":0,"href":"https:\/\/staging-r.muslimtendanceparisienne.com\/test\/wp-json\/wp\/v2\/product\/14151\/revisions"}],"wp:featuredmedia":[{"embeddable":true,"href":"https:\/\/staging-r.muslimtendanceparisienne.com\/test\/wp-json\/wp\/v2\/media\/14273"}],"wp:attachment":[{"href":"https:\/\/staging-r.muslimtendanceparisienne.com\/test\/wp-json\/wp\/v2\/media?parent=14151"}],"wp:term":[{"taxonomy":"product_cat","embeddable":true,"href":"https:\/\/staging-r.muslimtendanceparisienne.com\/test\/wp-json\/wp\/v2\/product_cat?post=14151"},{"taxonomy":"product_tag","embeddable":true,"href":"https:\/\/staging-r.muslimtendanceparisienne.com\/test\/wp-json\/wp\/v2\/product_tag?post=14151"}],"curies":[{"name":"wp","href":"https:\/\/api.w.org\/{rel}","templated":true}]}}